[INFO] cloning repository https://github.com/hbryzzww/calculate
[INFO] running `Command { std: "git" "-c" "credential.helper=" "-c" "credential.helper=/workspace/cargo-home/bin/git-credential-null" "clone" "--bare" "https://github.com/hbryzzww/calculate" "/workspace/cache/git-repos/https%3A%2F%2Fgithub.com%2Fhbryzzww%2Fcalculate", kill_on_drop: false }`
[INFO] [stderr] Cloning into bare repository '/workspace/cache/git-repos/https%3A%2F%2Fgithub.com%2Fhbryzzww%2Fcalculate'...
[INFO] running `Command { std: "git" "rev-parse" "HEAD", kill_on_drop: false }`
[INFO] [stdout] 78e80f7548f983e09d38b016b1c298b2fe68be48
[INFO] checking hbryzzww/calculate against master#af3c6e733a40e671550e0f0f5aeecaa13772ba56 for pr-74989
[INFO] running `Command { std: "git" "clone" "/workspace/cache/git-repos/https%3A%2F%2Fgithub.com%2Fhbryzzww%2Fcalculate" "/workspace/builds/worker-5/source", kill_on_drop: false }`
[INFO] [stderr] Cloning into '/workspace/builds/worker-5/source'...
[INFO] [stderr] done.
[INFO] validating manifest of git repo https://github.com/hbryzzww/calculate on toolchain af3c6e733a40e671550e0f0f5aeecaa13772ba56
[INFO] running `Command { std: "/workspace/cargo-home/bin/cargo" "+af3c6e733a40e671550e0f0f5aeecaa13772ba56" "read-manifest" "--manifest-path" "Cargo.toml", kill_on_drop: false }`
[INFO] started tweaking git repo https://github.com/hbryzzww/calculate
[INFO] finished tweaking git repo https://github.com/hbryzzww/calculate
[INFO] tweaked toml for git repo https://github.com/hbryzzww/calculate written to /workspace/builds/worker-5/source/Cargo.toml
[INFO] crate git repo https://github.com/hbryzzww/calculate already has a lockfile, it will not be regenerated
[INFO] running `Command { std: "/workspace/cargo-home/bin/cargo" "+af3c6e733a40e671550e0f0f5aeecaa13772ba56" "fetch" "--locked" "--manifest-path" "Cargo.toml", kill_on_drop: false }`
[INFO] [stderr]     Blocking waiting for file lock on package cache
[INFO] [stderr] error: the lock file /workspace/builds/worker-5/source/Cargo.lock needs to be updated but --locked was passed to prevent this
[INFO] [stderr] If you want to try to generate the lock file without accessing the network, use the --offline flag.
[INFO] the lockfile is outdated, regenerating it
[INFO] running `Command { std: "/workspace/cargo-home/bin/cargo" "+af3c6e733a40e671550e0f0f5aeecaa13772ba56" "generate-lockfile" "--manifest-path" "Cargo.toml" "-Zno-index-update", kill_on_drop: false }`
[INFO] [stderr]     Blocking waiting for file lock on package cache
[INFO] running `Command { std: "/workspace/cargo-home/bin/cargo" "+af3c6e733a40e671550e0f0f5aeecaa13772ba56" "fetch" "--locked" "--manifest-path" "Cargo.toml", kill_on_drop: false }`
[INFO] [stderr]     Blocking waiting for file lock on package cache
[INFO] [stderr]     Blocking waiting for file lock on package cache
[INFO] running `Command { std: "docker" "create" "-v" "/var/lib/crater-agent-workspace/builds/worker-5/target:/opt/rustwide/target:rw,Z" "-v" "/var/lib/crater-agent-workspace/builds/worker-5/source:/opt/rustwide/workdir:ro,Z" "-v" "/var/lib/crater-agent-workspace/cargo-home:/opt/rustwide/cargo-home:ro,Z" "-v" "/var/lib/crater-agent-workspace/rustup-home:/opt/rustwide/rustup-home:ro,Z" "-e" "SOURCE_DIR=/opt/rustwide/workdir" "-e" "CARGO_TARGET_DIR=/opt/rustwide/target" "-e" "CARGO_HOME=/opt/rustwide/cargo-home" "-e" "RUSTUP_HOME=/opt/rustwide/rustup-home" "-w" "/opt/rustwide/workdir" "-m" "1610612736" "--user" "0:0" "--network" "none" "rustops/crates-build-env@sha256:d92eaeed33fa75130ca1ee6c8a01d1ffb62bac859dfdfb3450e3e5d1c0146529" "/opt/rustwide/cargo-home/bin/cargo" "+af3c6e733a40e671550e0f0f5aeecaa13772ba56" "metadata" "--no-deps" "--format-version=1", kill_on_drop: false }`
[INFO] [stdout] fbeae804e41ecab8afa63d2bee692a17a5e5fbc3acbcbf5f5f846fabc9b86d94
[INFO] [stderr] WARNING: Your kernel does not support swap limit capabilities or the cgroup is not mounted. Memory limited without swap.
[INFO] running `Command { std: "docker" "start" "-a" "fbeae804e41ecab8afa63d2bee692a17a5e5fbc3acbcbf5f5f846fabc9b86d94", kill_on_drop: false }`
[INFO] running `Command { std: "docker" "inspect" "fbeae804e41ecab8afa63d2bee692a17a5e5fbc3acbcbf5f5f846fabc9b86d94", kill_on_drop: false }`
[INFO] running `Command { std: "docker" "rm" "-f" "fbeae804e41ecab8afa63d2bee692a17a5e5fbc3acbcbf5f5f846fabc9b86d94", kill_on_drop: false }`
[INFO] [stdout] fbeae804e41ecab8afa63d2bee692a17a5e5fbc3acbcbf5f5f846fabc9b86d94
[INFO] running `Command { std: "docker" "create" "-v" "/var/lib/crater-agent-workspace/builds/worker-5/target:/opt/rustwide/target:rw,Z" "-v" "/var/lib/crater-agent-workspace/builds/worker-5/source:/opt/rustwide/workdir:ro,Z" "-v" "/var/lib/crater-agent-workspace/cargo-home:/opt/rustwide/cargo-home:ro,Z" "-v" "/var/lib/crater-agent-workspace/rustup-home:/opt/rustwide/rustup-home:ro,Z" "-e" "SOURCE_DIR=/opt/rustwide/workdir" "-e" "CARGO_TARGET_DIR=/opt/rustwide/target" "-e" "CARGO_INCREMENTAL=0" "-e" "RUST_BACKTRACE=full" "-e" "RUSTFLAGS=--cap-lints=forbid" "-e" "CARGO_HOME=/opt/rustwide/cargo-home" "-e" "RUSTUP_HOME=/opt/rustwide/rustup-home" "-w" "/opt/rustwide/workdir" "-m" "1610612736" "--user" "0:0" "--network" "none" "rustops/crates-build-env@sha256:d92eaeed33fa75130ca1ee6c8a01d1ffb62bac859dfdfb3450e3e5d1c0146529" "/opt/rustwide/cargo-home/bin/cargo" "+af3c6e733a40e671550e0f0f5aeecaa13772ba56" "check" "--frozen" "--all" "--all-targets" "--message-format=json", kill_on_drop: false }`
[INFO] [stdout] 3a7a588a48a482369194f26a0f43d43a4fd1b15cda3999deddf03fb8e2332144
[INFO] [stderr] WARNING: Your kernel does not support swap limit capabilities or the cgroup is not mounted. Memory limited without swap.
[INFO] running `Command { std: "docker" "start" "-a" "3a7a588a48a482369194f26a0f43d43a4fd1b15cda3999deddf03fb8e2332144", kill_on_drop: false }`
[INFO] [stderr]    Compiling unicode-xid v0.2.1
[INFO] [stderr]    Compiling syn v1.0.40
[INFO] [stderr]     Checking adler32 v1.2.0
[INFO] [stderr]    Compiling libloading v0.6.3
[INFO] [stderr]    Compiling xml-rs v0.8.3
[INFO] [stderr]    Compiling serde v1.0.116
[INFO] [stderr]    Compiling pkg-config v0.3.18
[INFO] [stderr]    Compiling rayon-core v1.8.0
[INFO] [stderr]     Checking once_cell v1.4.1
[INFO] [stderr]     Checking either v1.6.0
[INFO] [stderr]     Checking downcast-rs v1.2.0
[INFO] [stderr]     Checking scoped-tls v1.0.0
[INFO] [stderr]     Checking arrayvec v0.5.1
[INFO] [stderr]     Checking sw-composite v0.7.13
[INFO] [stderr]     Checking remove_dir_all v0.5.3
[INFO] [stderr]     Checking typed-arena v2.0.1
[INFO] [stderr]     Checking bytemuck v1.4.1
[INFO] [stderr]     Checking dces v0.3.0
[INFO] [stderr]     Checking spin_sleep v1.0.0
[INFO] [stderr]    Compiling case v1.0.0
[INFO] [stderr]    Compiling num-traits v0.2.12
[INFO] [stderr]    Compiling crossbeam-utils v0.7.2
[INFO] [stderr]    Compiling memoffset v0.5.5
[INFO] [stderr]    Compiling crossbeam-epoch v0.8.2
[INFO] [stderr]    Compiling num-integer v0.1.43
[INFO] [stderr]    Compiling rayon v1.4.0
[INFO] [stderr]    Compiling num-rational v0.3.0
[INFO] [stderr]    Compiling num-iter v0.1.41
[INFO] [stderr]    Compiling minifb v0.17.0
[INFO] [stderr]    Compiling proc-macro2 v0.2.3
[INFO] [stderr]     Checking miniz_oxide v0.3.7
[INFO] [stderr]     Checking inflate v0.4.5
[INFO] [stderr]     Checking orbtk-tree v0.3.1-alpha3
[INFO] [stderr]    Compiling proc-macro2 v1.0.21
[INFO] [stderr]     Checking getrandom v0.1.15
[INFO] [stderr]     Checking raw-window-handle v0.3.3
[INFO] [stderr]     Checking dirs-sys v0.3.5
[INFO] [stderr]     Checking deflate v0.7.20
[INFO] [stderr]     Checking deflate v0.8.6
[INFO] [stderr]     Checking nix v0.17.0
[INFO] [stderr]    Compiling cast v0.2.3
[INFO] [stderr]     Checking dirs v3.0.1
[INFO] [stderr]     Checking rand_core v0.5.1
[INFO] [stderr]     Checking dlib v0.4.2
[INFO] [stderr]    Compiling quote v0.4.2
[INFO] [stderr]     Checking wayland-sys v0.25.0
[INFO] [stderr]    Compiling syn v0.12.15
[INFO] [stderr]     Checking rand_chacha v0.2.2
[INFO] [stderr]    Compiling xkbcommon-sys v0.7.4
[INFO] [stderr]    Compiling x11-dl v2.18.5
[INFO] [stderr]    Compiling quote v1.0.7
[INFO] [stderr]     Checking tiff v0.5.0
[INFO] [stderr]     Checking png v0.16.7
[INFO] [stderr]     Checking crossbeam-channel v0.4.4
[INFO] [stderr]     Checking png v0.15.3
[INFO] [stderr]     Checking rand v0.7.3
[INFO] [stderr]    Compiling wayland-scanner v0.25.0
[INFO] [stderr]     Checking crossbeam-deque v0.7.3
[INFO] [stderr]     Checking xkb v0.2.1
[INFO] [stderr]     Checking euclid v0.20.14
[INFO] [stderr]     Checking ordered-float v1.1.0
[INFO] [stderr]     Checking approx v0.3.2
[INFO] [stderr]     Checking rusttype v0.8.3
[INFO] [stderr]     Checking tempfile v3.1.0
[INFO] [stderr]    Compiling wayland-client v0.25.0
[INFO] [stderr]    Compiling wayland-protocols v0.25.0
[INFO] [stderr]     Checking lyon_geom v0.15.3
[INFO] [stderr]     Checking raqote v0.8.0
[INFO] [stderr]     Checking wayland-commons v0.25.0
[INFO] [stderr]    Compiling derive_more v0.9.0
[INFO] [stderr]     Checking jpeg-decoder v0.1.20
[INFO] [stderr]     Checking wayland-cursor v0.25.0
[INFO] [stderr]     Checking image v0.23.9
[INFO] [stderr]    Compiling serde_derive v1.0.116
[INFO] [stderr]    Compiling derive_more v0.99.10
[INFO] [stderr]    Compiling orbtk-proc-macros v0.3.1-alpha3
[INFO] [stderr]     Checking ron v0.6.2
[INFO] [stderr]     Checking rust_decimal v1.8.0
[INFO] [stderr]     Checking orbtk-utils v0.3.1-alpha3
[INFO] [stderr]     Checking orbtk-theming v0.3.1-alpha3
[INFO] [stderr]     Checking orbtk-render v0.3.1-alpha3
[INFO] [stderr]     Checking orbtk-theme v0.3.1-alpha3
[INFO] [stderr]     Checking orbtk-shell v0.3.1-alpha3
[INFO] [stderr]     Checking orbtk-api v0.3.1-alpha3
[INFO] [stderr]     Checking orbtk-widgets v0.3.1-alpha3
[INFO] [stderr]     Checking orbtk v0.3.1-alpha3
[INFO] [stderr]     Checking calculate v0.1.0 (/opt/rustwide/workdir)
[INFO] [stdout] error[E0432]: unresolved import `orbtk::theme::DEFAULT_THEME_CSS`
[INFO] [stdout]  --> src/main.rs:2:5
[INFO] [stdout]   |
[INFO] [stdout] 2 | use orbtk::theme::DEFAULT_THEME_CSS;
[INFO] [stdout]   |     ^^^^^^^^^^^^^^^^^^^^^^^^^^^^^^^ no `DEFAULT_THEME_CSS` in `theme`
[INFO] [stdout] 
[INFO] [stdout] 
[INFO] [stdout] error[E0432]: unresolved import `orbtk::theme::DEFAULT_THEME_CSS`
[INFO] [stdout]  --> src/main.rs:2:5
[INFO] [stdout]   |
[INFO] [stdout] 2 | use orbtk::theme::DEFAULT_THEME_CSS;
[INFO] [stdout]   |     ^^^^^^^^^^^^^^^^^^^^^^^^^^^^^^^ no `DEFAULT_THEME_CSS` in `theme`
[INFO] [stdout] 
[INFO] [stdout] 
[INFO] [stdout] error[E0433]: failed to resolve: use of undeclared type or module `ThemeValue`
[INFO] [stdout]   --> src/main.rs:12:5
[INFO] [stdout]    |
[INFO] [stdout] 12 |     ThemeValue::create_from_css(DEFAULT_THEME_CSS)
[INFO] [stdout]    |     ^^^^^^^^^^ use of undeclared type or module `ThemeValue`
[INFO] [stdout] 
[INFO] [stdout] 
[INFO] [stdout] error[E0433]: failed to resolve: use of undeclared type or module `ThemeValue`
[INFO] [stdout]   --> src/main.rs:12:5
[INFO] [stdout]    |
[INFO] [stdout] 12 |     ThemeValue::create_from_css(DEFAULT_THEME_CSS)
[INFO] [stdout]    |     ^^^^^^^^^^ use of undeclared type or module `ThemeValue`
[INFO] [stdout] 
[INFO] [stdout] 
[INFO] [stdout] error[E0412]: cannot find type `ThemeValue` in this scope
[INFO] [stdout]   --> src/main.rs:11:19
[INFO] [stdout]    |
[INFO] [stdout] 11 | fn get_theme() -> ThemeValue {
[INFO] [stdout]    |                   ^^^^^^^^^^ not found in this scope
[INFO] [stdout] 
[INFO] [stdout] 
[INFO] [stdout] error[E0412]: cannot find type `ThemeValue` in this scope
[INFO] [stdout]   --> src/main.rs:11:19
[INFO] [stdout]    |
[INFO] [stdout] 11 | fn get_theme() -> ThemeValue {
[INFO] [stdout]    |                   ^^^^^^^^^^ not found in this scope
[INFO] [stdout] 
[INFO] [stdout] 
[INFO] [stdout] error[E0277]: the trait bound `MainViewState: AsAny` is not satisfied
[INFO] [stdout]   --> src/main.rs:82:6
[INFO] [stdout]    |
[INFO] [stdout] 82 | impl State for MainViewState{
[INFO] [stdout]    |      ^^^^^ the trait `AsAny` is not implemented for `MainViewState`
[INFO] [stdout]    | 
[INFO] [stdout]   ::: /opt/rustwide/cargo-home/registry/src/github.com-1ecc6299db9ec823/orbtk-api-0.3.1-alpha3/src/widget_base/state.rs:51:18
[INFO] [stdout]    |
[INFO] [stdout] 51 | pub trait State: AsAny {
[INFO] [stdout]    |                  ----- required by this bound in `orbtk::prelude::State`
[INFO] [stdout] 
[INFO] [stdout] 
[INFO] [stdout] error: aborting due to 4 previous errors
[INFO] [stdout] 
[INFO] [stdout] 
[INFO] [stdout] Some errors have detailed explanations: E0277, E0412, E0432, E0433.
[INFO] [stdout] 
[INFO] [stdout] For more information about an error, try `rustc --explain E0277`.
[INFO] [stdout] 
[INFO] [stderr] error: could not compile `calculate`.
[INFO] [stderr] 
[INFO] [stderr] To learn more, run the command again with --verbose.
[INFO] [stderr] warning: build failed, waiting for other jobs to finish...
[INFO] [stdout] error[E0277]: the trait bound `MainViewState: AsAny` is not satisfied
[INFO] [stdout]   --> src/main.rs:82:6
[INFO] [stdout]    |
[INFO] [stdout] 82 | impl State for MainViewState{
[INFO] [stdout]    |      ^^^^^ the trait `AsAny` is not implemented for `MainViewState`
[INFO] [stdout]    | 
[INFO] [stdout]   ::: /opt/rustwide/cargo-home/registry/src/github.com-1ecc6299db9ec823/orbtk-api-0.3.1-alpha3/src/widget_base/state.rs:51:18
[INFO] [stdout]    |
[INFO] [stdout] 51 | pub trait State: AsAny {
[INFO] [stdout]    |                  ----- required by this bound in `orbtk::prelude::State`
[INFO] [stdout] 
[INFO] [stdout] 
[INFO] [stdout] error: aborting due to 4 previous errors
[INFO] [stdout] 
[INFO] [stdout] 
[INFO] [stdout] Some errors have detailed explanations: E0277, E0412, E0432, E0433.
[INFO] [stdout] 
[INFO] [stdout] For more information about an error, try `rustc --explain E0277`.
[INFO] [stdout] 
[INFO] [stderr] error: build failed
[INFO] running `Command { std: "docker" "inspect" "3a7a588a48a482369194f26a0f43d43a4fd1b15cda3999deddf03fb8e2332144", kill_on_drop: false }`
[INFO] running `Command { std: "docker" "rm" "-f" "3a7a588a48a482369194f26a0f43d43a4fd1b15cda3999deddf03fb8e2332144", kill_on_drop: false }`
[INFO] [stdout] 3a7a588a48a482369194f26a0f43d43a4fd1b15cda3999deddf03fb8e2332144
